{"id":203,"date":"2021-02-13T15:18:25","date_gmt":"2021-02-13T15:18:25","guid":{"rendered":"http:\/\/www.mikakortelainen.com\/m\/?page_id=203"},"modified":"2021-05-16T07:59:33","modified_gmt":"2021-05-16T07:59:33","slug":"jotain-muuta","status":"publish","type":"page","link":"https:\/\/www.mikakortelainen.com\/m\/jotain-muuta\/","title":{"rendered":"Jotain muuta"},"content":{"rendered":"\t\t<div data-elementor-type=\"wp-page\" data-elementor-id=\"203\" class=\"elementor elementor-203\">\n\t\t\t\t\t\t<section class=\"elementor-section elementor-top-section elementor-element elementor-element-e661e68 elementor-section-boxed elementor-section-height-default elementor-section-height-default\" data-id=\"e661e68\" data-element_type=\"section\" data-e-type=\"section\">\n\t\t\t\t\t\t<div class=\"elementor-container elementor-column-gap-default\">\n\t\t\t\t\t<div class=\"elementor-column elementor-col-100 elementor-top-column elementor-element elementor-element-9ee84a1\" data-id=\"9ee84a1\" data-element_type=\"column\" data-e-type=\"column\">\n\t\t\t<div class=\"elementor-widget-wrap elementor-element-populated\">\n\t\t\t\t\t\t<div class=\"elementor-element elementor-element-c437017 elementor-widget elementor-widget-heading\" data-id=\"c437017\" data-element_type=\"widget\" data-e-type=\"widget\" data-widget_type=\"heading.default\">\n\t\t\t\t<div class=\"elementor-widget-container\">\n\t\t\t\t\t<h2 class=\"elementor-heading-title elementor-size-default\">Mikan harrastuksia<\/h2>\t\t\t\t<\/div>\n\t\t\t\t<\/div>\n\t\t\t\t\t<\/div>\n\t\t<\/div>\n\t\t\t\t\t<\/div>\n\t\t<\/section>\n\t\t\t\t<section class=\"elementor-section elementor-top-section elementor-element elementor-element-c799893 elementor-section-boxed elementor-section-height-default elementor-section-height-default\" data-id=\"c799893\" data-element_type=\"section\" data-e-type=\"section\">\n\t\t\t\t\t\t<div class=\"elementor-container elementor-column-gap-default\">\n\t\t\t\t\t<div class=\"elementor-column elementor-col-100 elementor-top-column elementor-element elementor-element-afd1ef5\" data-id=\"afd1ef5\" data-element_type=\"column\" data-e-type=\"column\">\n\t\t\t<div class=\"elementor-widget-wrap elementor-element-populated\">\n\t\t\t\t\t\t<div class=\"elementor-element elementor-element-e5f37d1 elementor-widget elementor-widget-text-editor\" data-id=\"e5f37d1\" data-element_type=\"widget\" data-e-type=\"widget\" data-widget_type=\"text-editor.default\">\n\t\t\t\t<div class=\"elementor-widget-container\">\n\t\t\t\t\t\t\t\t\t<p>Viet\u00e4n aikaa perheen parissa, nikkaroin jotain ja se pit\u00e4\u00e4 sis\u00e4ll\u00e4\u00e4n vanhan talon kunnostusta ja yll\u00e4pitoa, ulkoilen ja liikun luonnossa, touhuan (koneilla) hy\u00f6typuutarhassa, teen mets\u00e4t\u00f6it\u00e4, mets\u00e4st\u00e4n sit\u00e4 parasta valokuvaa, olen mukana yhdistystoiminnassa, niin &#8211; ja v\u00e4lill\u00e4 k\u00e4yn politikoimassa.<\/p><p>T\u00e4ll\u00e4 sivulla on joitain valokuvia, joista suurin osa on minun ottamia, teid\u00e4n iloksi.<\/p>\t\t\t\t\t\t\t\t<\/div>\n\t\t\t\t<\/div>\n\t\t\t\t<div class=\"elementor-element elementor-element-41c760b elementor-widget elementor-widget-image\" data-id=\"41c760b\" data-element_type=\"widget\" data-e-type=\"widget\" data-widget_type=\"image.default\">\n\t\t\t\t<div class=\"elementor-widget-container\">\n\t\t\t\t\t\t\t\t\t\t\t\t\t\t\t<img fetchpriority=\"high\" decoding=\"async\" width=\"740\" height=\"494\" src=\"https:\/\/www.mikakortelainen.com\/m\/wp-content\/uploads\/2021\/02\/SAM_7956-1024x683.jpg\" class=\"attachment-large size-large wp-image-117\" alt=\"\" srcset=\"https:\/\/www.mikakortelainen.com\/m\/wp-content\/uploads\/2021\/02\/SAM_7956-1024x683.jpg 1024w, https:\/\/www.mikakortelainen.com\/m\/wp-content\/uploads\/2021\/02\/SAM_7956-300x200.jpg 300w, https:\/\/www.mikakortelainen.com\/m\/wp-content\/uploads\/2021\/02\/SAM_7956-768x512.jpg 768w, https:\/\/www.mikakortelainen.com\/m\/wp-content\/uploads\/2021\/02\/SAM_7956-1536x1024.jpg 1536w, https:\/\/www.mikakortelainen.com\/m\/wp-content\/uploads\/2021\/02\/SAM_7956-2048x1365.jpg 2048w\" sizes=\"100vw\" \/>\t\t\t\t\t\t\t\t\t\t\t\t\t\t\t<\/div>\n\t\t\t\t<\/div>\n\t\t\t\t\t<\/div>\n\t\t<\/div>\n\t\t\t\t\t<\/div>\n\t\t<\/section>\n\t\t\t\t<section class=\"elementor-section elementor-top-section elementor-element elementor-element-aac1186 elementor-section-boxed elementor-section-height-default elementor-section-height-default\" data-id=\"aac1186\" data-element_type=\"section\" data-e-type=\"section\">\n\t\t\t\t\t\t<div class=\"elementor-container elementor-column-gap-default\">\n\t\t\t\t\t<div class=\"elementor-column elementor-col-100 elementor-top-column elementor-element elementor-element-d1fc0d7\" data-id=\"d1fc0d7\" data-element_type=\"column\" data-e-type=\"column\">\n\t\t\t<div class=\"elementor-widget-wrap elementor-element-populated\">\n\t\t\t\t\t\t<div class=\"elementor-element elementor-element-49f2c26 elementor-arrows-position-inside elementor-pagination-position-outside elementor-widget elementor-widget-image-carousel\" data-id=\"49f2c26\" data-element_type=\"widget\" data-e-type=\"widget\" data-settings=\"{&quot;autoplay_speed&quot;:2000,&quot;slides_to_show&quot;:&quot;2&quot;,&quot;navigation&quot;:&quot;both&quot;,&quot;autoplay&quot;:&quot;yes&quot;,&quot;pause_on_hover&quot;:&quot;yes&quot;,&quot;pause_on_interaction&quot;:&quot;yes&quot;,&quot;infinite&quot;:&quot;yes&quot;,&quot;speed&quot;:500}\" data-widget_type=\"image-carousel.default\">\n\t\t\t\t<div class=\"elementor-widget-container\">\n\t\t\t\t\t\t\t<div class=\"elementor-image-carousel-wrapper swiper\" role=\"region\" aria-roledescription=\"carousel\" aria-label=\"Kuvakaruselli\" dir=\"ltr\">\n\t\t\t<div class=\"elementor-image-carousel swiper-wrapper\" aria-live=\"off\">\n\t\t\t\t\t\t\t\t<div class=\"swiper-slide\" role=\"group\" aria-roledescription=\"slide\" aria-label=\"1 of 24\"><figure class=\"swiper-slide-inner\"><img decoding=\"async\" class=\"swiper-slide-image\" src=\"https:\/\/www.mikakortelainen.com\/m\/wp-content\/uploads\/2021\/02\/mika-kortelainen-nettikuva-2000x1420-800x568-1-300x213.jpg\" alt=\"mika-kortelainen-nettikuva-2000x1420-800x568\" \/><\/figure><\/div><div class=\"swiper-slide\" role=\"group\" aria-roledescription=\"slide\" aria-label=\"2 of 24\"><figure class=\"swiper-slide-inner\"><img decoding=\"async\" class=\"swiper-slide-image\" src=\"https:\/\/www.mikakortelainen.com\/m\/wp-content\/uploads\/2021\/02\/suomenlippu-mpk-w-2000x1333-800x533-1-300x200.jpg\" alt=\"suomenlippu-mpk-w-2000x1333-800x533\" \/><\/figure><\/div><div class=\"swiper-slide\" role=\"group\" aria-roledescription=\"slide\" aria-label=\"3 of 24\"><figure class=\"swiper-slide-inner\"><img decoding=\"async\" class=\"swiper-slide-image\" src=\"https:\/\/www.mikakortelainen.com\/m\/wp-content\/uploads\/2021\/02\/orpo-salossa-mpk-w-2000x1334-800x533-1-300x200.jpg\" alt=\"orpo-salossa-mpk-w-2000x1334-800x533\" \/><\/figure><\/div><div class=\"swiper-slide\" role=\"group\" aria-roledescription=\"slide\" aria-label=\"4 of 24\"><figure class=\"swiper-slide-inner\"><img decoding=\"async\" class=\"swiper-slide-image\" src=\"https:\/\/www.mikakortelainen.com\/m\/wp-content\/uploads\/2021\/02\/halikon-kirkko-kesa-mpk-w-2000x1500-800x600-1-300x225.jpg\" alt=\"halikon-kirkko-kesa-mpk-w-2000x1500-800x600\" \/><\/figure><\/div><div class=\"swiper-slide\" role=\"group\" aria-roledescription=\"slide\" aria-label=\"5 of 24\"><figure class=\"swiper-slide-inner\"><img decoding=\"async\" class=\"swiper-slide-image\" src=\"https:\/\/www.mikakortelainen.com\/m\/wp-content\/uploads\/2021\/03\/20190609_200432-1-300x225.jpg\" alt=\"20190609_200432 (1)\" \/><\/figure><\/div><div class=\"swiper-slide\" role=\"group\" aria-roledescription=\"slide\" aria-label=\"6 of 24\"><figure class=\"swiper-slide-inner\"><img decoding=\"async\" class=\"swiper-slide-image\" src=\"https:\/\/www.mikakortelainen.com\/m\/wp-content\/uploads\/2021\/02\/SAM_1135-2-300x200.jpg\" alt=\"SAMSUNG CSC\" \/><\/figure><\/div><div class=\"swiper-slide\" role=\"group\" aria-roledescription=\"slide\" aria-label=\"7 of 24\"><figure class=\"swiper-slide-inner\"><img decoding=\"async\" class=\"swiper-slide-image\" src=\"https:\/\/www.mikakortelainen.com\/m\/wp-content\/uploads\/2021\/03\/Mika-Petteri-Elina-2019-300x225.jpg\" alt=\"Mika-Petteri-Elina-2019\" \/><\/figure><\/div><div class=\"swiper-slide\" role=\"group\" aria-roledescription=\"slide\" aria-label=\"8 of 24\"><figure class=\"swiper-slide-inner\"><img decoding=\"async\" class=\"swiper-slide-image\" src=\"https:\/\/www.mikakortelainen.com\/m\/wp-content\/uploads\/2021\/05\/SAM_1083-m-300x200.jpg\" alt=\"SAMSUNG CSC\" \/><\/figure><\/div><div class=\"swiper-slide\" role=\"group\" aria-roledescription=\"slide\" aria-label=\"9 of 24\"><figure class=\"swiper-slide-inner\"><img decoding=\"async\" class=\"swiper-slide-image\" src=\"https:\/\/www.mikakortelainen.com\/m\/wp-content\/uploads\/2021\/05\/SAM_1003-300x200.jpg\" alt=\"SAMSUNG CSC\" \/><\/figure><\/div><div class=\"swiper-slide\" role=\"group\" aria-roledescription=\"slide\" aria-label=\"10 of 24\"><figure class=\"swiper-slide-inner\"><img decoding=\"async\" class=\"swiper-slide-image\" src=\"https:\/\/www.mikakortelainen.com\/m\/wp-content\/uploads\/2021\/02\/sam-1-2000x1347-800x538-1-300x202.jpg\" alt=\"sam-1-2000x1347-800x538\" \/><\/figure><\/div><div class=\"swiper-slide\" role=\"group\" aria-roledescription=\"slide\" aria-label=\"11 of 24\"><figure class=\"swiper-slide-inner\"><img decoding=\"async\" class=\"swiper-slide-image\" src=\"https:\/\/www.mikakortelainen.com\/m\/wp-content\/uploads\/2021\/05\/Mika-eduskuntatalo-300x225.jpg\" alt=\"Mika-eduskuntatalo\" \/><\/figure><\/div><div class=\"swiper-slide\" role=\"group\" aria-roledescription=\"slide\" aria-label=\"12 of 24\"><figure class=\"swiper-slide-inner\"><img decoding=\"async\" class=\"swiper-slide-image\" src=\"https:\/\/www.mikakortelainen.com\/m\/wp-content\/uploads\/2021\/02\/maisemaa-mpk-w-2000x1333-800x533-1-300x200.jpg\" alt=\"maisemaa-mpk-w-2000x1333-800x533\" \/><\/figure><\/div><div class=\"swiper-slide\" role=\"group\" aria-roledescription=\"slide\" aria-label=\"13 of 24\"><figure class=\"swiper-slide-inner\"><img decoding=\"async\" class=\"swiper-slide-image\" src=\"https:\/\/www.mikakortelainen.com\/m\/wp-content\/uploads\/2021\/02\/kanat-mpk-w-2000x1333-800x533-1-300x200.jpg\" alt=\"kanat-mpk-w-2000x1333-800x533\" \/><\/figure><\/div><div class=\"swiper-slide\" role=\"group\" aria-roledescription=\"slide\" aria-label=\"14 of 24\"><figure class=\"swiper-slide-inner\"><img decoding=\"async\" class=\"swiper-slide-image\" src=\"https:\/\/www.mikakortelainen.com\/m\/wp-content\/uploads\/2021\/05\/Mika-metsatoissa-300x223.jpg\" alt=\"Mika-metsatoissa\" \/><\/figure><\/div><div class=\"swiper-slide\" role=\"group\" aria-roledescription=\"slide\" aria-label=\"15 of 24\"><figure class=\"swiper-slide-inner\"><img decoding=\"async\" class=\"swiper-slide-image\" src=\"https:\/\/www.mikakortelainen.com\/m\/wp-content\/uploads\/2021\/03\/20210205_155433-1-300x169.jpg\" alt=\"20210205_155433\" \/><\/figure><\/div><div class=\"swiper-slide\" role=\"group\" aria-roledescription=\"slide\" aria-label=\"16 of 24\"><figure class=\"swiper-slide-inner\"><img decoding=\"async\" class=\"swiper-slide-image\" src=\"https:\/\/www.mikakortelainen.com\/m\/wp-content\/uploads\/2021\/02\/kana1-mpk-w-2000x1333-800x533-1-300x200.jpg\" alt=\"kana1-mpk-w-2000x1333-800x533\" \/><\/figure><\/div><div class=\"swiper-slide\" role=\"group\" aria-roledescription=\"slide\" aria-label=\"17 of 24\"><figure class=\"swiper-slide-inner\"><img decoding=\"async\" class=\"swiper-slide-image\" src=\"https:\/\/www.mikakortelainen.com\/m\/wp-content\/uploads\/2021\/02\/SAM_7911-300x200.jpg\" alt=\"SAMSUNG CSC\" \/><\/figure><\/div><div class=\"swiper-slide\" role=\"group\" aria-roledescription=\"slide\" aria-label=\"18 of 24\"><figure class=\"swiper-slide-inner\"><img decoding=\"async\" class=\"swiper-slide-image\" src=\"https:\/\/www.mikakortelainen.com\/m\/wp-content\/uploads\/2021\/03\/punarinta-mpk-w-2000x1337-800x534-1-300x200.jpg\" alt=\"punarinta-mpk-w-2000x1337-800x534\" \/><\/figure><\/div><div class=\"swiper-slide\" role=\"group\" aria-roledescription=\"slide\" aria-label=\"19 of 24\"><figure class=\"swiper-slide-inner\"><img decoding=\"async\" class=\"swiper-slide-image\" src=\"https:\/\/www.mikakortelainen.com\/m\/wp-content\/uploads\/2021\/02\/seitti-mpk-w-2000x1333-800x533-1-300x200.jpg\" alt=\"seitti-mpk-w-2000x1333-800x533\" \/><\/figure><\/div><div class=\"swiper-slide\" role=\"group\" aria-roledescription=\"slide\" aria-label=\"20 of 24\"><figure class=\"swiper-slide-inner\"><img decoding=\"async\" class=\"swiper-slide-image\" src=\"https:\/\/www.mikakortelainen.com\/m\/wp-content\/uploads\/2021\/02\/DSC03356-300x225.jpg\" alt=\"DSC03356\" \/><\/figure><\/div><div class=\"swiper-slide\" role=\"group\" aria-roledescription=\"slide\" aria-label=\"21 of 24\"><figure class=\"swiper-slide-inner\"><img decoding=\"async\" class=\"swiper-slide-image\" src=\"https:\/\/www.mikakortelainen.com\/m\/wp-content\/uploads\/2021\/02\/SAM_7947-300x200.jpg\" alt=\"SAMSUNG CSC\" \/><\/figure><\/div><div class=\"swiper-slide\" role=\"group\" aria-roledescription=\"slide\" aria-label=\"22 of 24\"><figure class=\"swiper-slide-inner\"><img decoding=\"async\" class=\"swiper-slide-image\" src=\"https:\/\/www.mikakortelainen.com\/m\/wp-content\/uploads\/2021\/03\/aja-oikealla-mpk-sizes-2000x1125-1-300x169.jpg\" alt=\"aja-oikealla-mpk-sizes-2000x1125\" \/><\/figure><\/div><div class=\"swiper-slide\" role=\"group\" aria-roledescription=\"slide\" aria-label=\"23 of 24\"><figure class=\"swiper-slide-inner\"><img decoding=\"async\" class=\"swiper-slide-image\" src=\"https:\/\/www.mikakortelainen.com\/m\/wp-content\/uploads\/2021\/02\/iltataivas-mpk-w-2000x1500-800x600-1-300x225.jpg\" alt=\"iltataivas-mpk-w-2000x1500-800x600\" \/><\/figure><\/div><div class=\"swiper-slide\" role=\"group\" aria-roledescription=\"slide\" aria-label=\"24 of 24\"><figure class=\"swiper-slide-inner\"><img decoding=\"async\" class=\"swiper-slide-image\" src=\"https:\/\/www.mikakortelainen.com\/m\/wp-content\/uploads\/2021\/02\/MikaKortelainen-17012021-200x300.jpg\" alt=\"SAMSUNG CSC\" \/><\/figure><\/div>\t\t\t<\/div>\n\t\t\t\t\t\t\t\t\t\t\t\t<div class=\"elementor-swiper-button elementor-swiper-button-prev\" role=\"button\" tabindex=\"0\">\n\t\t\t\t\t\t<i aria-hidden=\"true\" class=\"eicon-chevron-left\"><\/i>\t\t\t\t\t<\/div>\n\t\t\t\t\t<div class=\"elementor-swiper-button elementor-swiper-button-next\" role=\"button\" tabindex=\"0\">\n\t\t\t\t\t\t<i aria-hidden=\"true\" class=\"eicon-chevron-right\"><\/i>\t\t\t\t\t<\/div>\n\t\t\t\t\n\t\t\t\t\t\t\t\t\t<div class=\"swiper-pagination\"><\/div>\n\t\t\t\t\t\t\t\t\t<\/div>\n\t\t\t\t\t\t<\/div>\n\t\t\t\t<\/div>\n\t\t\t\t\t<\/div>\n\t\t<\/div>\n\t\t\t\t\t<\/div>\n\t\t<\/section>\n\t\t\t\t<\/div>\n\t\t","protected":false},"excerpt":{"rendered":"<p>Mikan harrastuksia Viet\u00e4n aikaa perheen parissa, nikkaroin jotain ja se pit\u00e4\u00e4 sis\u00e4ll\u00e4\u00e4n vanhan talon kunnostusta ja yll\u00e4pitoa, ulkoilen ja liikun luonnossa, touhuan (koneilla) hy\u00f6typuutarhassa, teen mets\u00e4t\u00f6it\u00e4, mets\u00e4st\u00e4n sit\u00e4 parasta valokuvaa, olen mukana yhdistystoiminnassa, niin &#8211; ja v\u00e4lill\u00e4 k\u00e4yn politikoimassa. T\u00e4ll\u00e4 sivulla on joitain valokuvia, joista suurin osa on minun ottamia, teid\u00e4n iloksi. Edellinen Seuraava<\/p>\n","protected":false},"author":1,"featured_media":0,"parent":0,"menu_order":0,"comment_status":"closed","ping_status":"closed","template":"","meta":{"footnotes":""},"class_list":["post-203","page","type-page","status-publish","hentry"],"jetpack_sharing_enabled":true,"_links":{"self":[{"href":"https:\/\/www.mikakortelainen.com\/m\/wp-json\/wp\/v2\/pages\/203","targetHints":{"allow":["GET"]}}],"collection":[{"href":"https:\/\/www.mikakortelainen.com\/m\/wp-json\/wp\/v2\/pages"}],"about":[{"href":"https:\/\/www.mikakortelainen.com\/m\/wp-json\/wp\/v2\/types\/page"}],"author":[{"embeddable":true,"href":"https:\/\/www.mikakortelainen.com\/m\/wp-json\/wp\/v2\/users\/1"}],"replies":[{"embeddable":true,"href":"https:\/\/www.mikakortelainen.com\/m\/wp-json\/wp\/v2\/comments?post=203"}],"version-history":[{"count":112,"href":"https:\/\/www.mikakortelainen.com\/m\/wp-json\/wp\/v2\/pages\/203\/revisions"}],"predecessor-version":[{"id":628,"href":"https:\/\/www.mikakortelainen.com\/m\/wp-json\/wp\/v2\/pages\/203\/revisions\/628"}],"wp:attachment":[{"href":"https:\/\/www.mikakortelainen.com\/m\/wp-json\/wp\/v2\/media?parent=203"}],"curies":[{"name":"wp","href":"https:\/\/api.w.org\/{rel}","templated":true}]}}